ne c(4).
59
Let r(k) = 45*k**2 - 175*k - 21. Determine r(4).
-1
Let s(n) = -21*n + 98. Give s(3).
35
Let q(l) = 4*l**2 + 88*l - 187. Calculate q(2).
5
Let l(u) = -u**2 + 341*u + 182984. Determine l(-290).
-6
Let y(h) = -1047*h - 15712. What is y(-15)?
-7
Let w(d) = 2*d**2 + 169*d - 5901. Give w(-111).
-18
Let d(o) = -5*o**2 - 69*o - 69. What is d(-1)?
-5
Let d(a) = 5*a**3 - 114*a**2 + 85*a + 2. Calculate d(22).
-64
Let v(g) = 1073*g - 2142. Calculate v(2).
4
Let i(f) = -4*f**2 - 297*f - 1401. Determine i(-5).
-16
Let o(d) = 112*d - 5259. What is o(47)?
5
Let y(f) = -5*f**2 + 172*f + 87. Give y(35).
-18
Let y(b) = -4*b**2 + 52*b + 2. Give y(9).
146
Let c(d) = d**3 - 36*d**2 - 118*d + 96. What is c(39)?
57
Let l(g) = -3*g**2 + 178*g - 1227. Give l(7).
-128
Let p(i) = 6*i**3 - 103*i**2 + 42*i - 416. Determine p(17).
9
Let j(k) = -14*k**3 - 251*k**2 + 9*k - 171. Determine j(-18).
-9
Let k(v) = v**3 + 67*v**2 + 4*v + 221. Determine k(-67).
-47
Let n(d) = -8*d**2 - 85*d - 138. What is n(-8)?
30
Let s(i) = 2*i**3 + 85*i**2 - 80*i - 1581. What is s(-43)?
10
Let v(t) = 3*t**2 - 11*t - 9. What is v(5)?
11
Let k(r) = -3910*r - 11717. What is k(-3)?
13
Let q(u) = u**2 + 15*u + 33. What is q(-10)?
-17
Let l(t) = -t**3 - 42*t**2 + 21*t + 859. What is l(-42)?
-23
Let y(v) = 1811*v + 21853. Give y(-12).
121
Let u(i) = -2*i**2 - 116*i - 152. What is u(-57)?
-38
Let u(a) = 825*a - 5100. What is u(6)?
-150
Let j(y) = 3*y**2 - 47*y + 7. What is j(0)?
7
Let i(n) = n**3 - 8*n**2 - 33*n - 9. Determine i(-3).
-9
Let u(l) = 273*l + 284. What is u(-1)?
11
Let i(h) = -5*h**2 - 113*h - 114. Give i(-1).
-6
Let m(w) = 79*w + 780. Calculate m(-11).
-89
Let l(f) = f**2 + 50*f + 601. What is l(-33)?
40
Let d(c) = 3*c**2 + 18*c - 136. Give d(-12).
80
Let b(t) = 1019*t + 40731. Determine b(-40).
-29
Let d(x) = -x**3 + 3*x**2 + 4*x - 12. Give d(-3).
30
Let v(l) = -74*l**2 - 3*l - 1. Calculate v(-1).
-72
Let n(y) = 3*y**3 + y**2 + 3*y - 27. What is n(0)?
-27
Let x(w) = w**3 - 49*w**2 - 445*w - 623. Determine x(57).
4
Let f(w) = 28*w**2 + 49*w + 5. Give f(-2).
19
Let g(q) = 9*q + 24. Calculate g(-5).
-21
Let g(b) = 685*b + 58220. Determine g(-85).
-5
Let n(g) = g**3 + 11*g**2 - 231*g + 42. Give n(-22).
-200
Let f(i) = i**3 + 41*i**2 + 235*i - 168. What is f(-34)?
-66
Let c(d) = -d**3 - 2*d + 19. Determine c(0).
19
Let v(f) = -f**3 - 35*f**2 - 19*f + 157. Calculate v(-34).
-353
Let f(p) = -p**3 + 68*p**2 - 578*p - 110. Calculate f(58).
6
Let g(s) = 973*s**2 - 32112*s + 94. Calculate g(33).
-5
Let x(h) = -5*h**2 + 57*h - 57. Determine x(11).
-35
Let d(m) = -2*m**3 + 65*m**2 - 91*m - 66. Calculate d(31).
-4
Let o(g) = -8*g**2 + 61*g - 4. Give o(9).
-103
Let x(b) = -b**3 - 18*b**2 + 159*b + 2674. What is x(-19)?
14
Let l(b) = -b**3 + 6*b**2 + 96*b + 12. Calculate l(13).
77
Let u(h) = -h**3 - 5*h**2 - 12*h - 49. Calculate u(-5).
11
Let g(r) = 1216*r - 7260. Calculate g(6).
36
Let o(h) = -h**2 - 155*h + 310. Determine o(2).
-4
Let w(c) = 60*c + 206. Calculate w(9).
746
Let o(b) = -20*b + 311. What is o(0)?
311
Let w(g) = -26*g - 351. Calculate w(-9).
-117
Let s(h) = -23*h - 625. Calculate s(-28).
19
Let y(b) = 2*b**2 + 24*b - 515. What is y(11)?
-9
Let k(b) = -88*b + 2501. Determine k(29).
-51
Let m(r) = r**3 - 28*r**2 + 44*r + 15. Calculate m(2).
-1
Let c(y) = 32*y**2 - 32*y - 64. Calculate c(-2).
128
Let y(v) = -26*v**2 + 1092*v + 2. Determine y(42).
2
Let f(b) = 2*b**2 - 123*b - 28. Calculate f(62).
34
Let m(f) = -f**3 - 19*f**2 - 71*f - 22. What is m(-14)?
-8
Let q(t) = -t**3 - t**2 + 10*t + 380. Determine q(0).
380
Let h(z) = 2*z**2 + 2*z - 291. Determine h(-13).
21
Let t(g) = -4*g**2 + 50*g - 14. Give t(13).
-40
Let p(z) = -z**3 + 18*z**2 + 47*z - 431. Give p(19).
101
Let o(j) = -3*j**3 - 56*j**2 + 430*j + 95. Determine o(6).
11
Let i(y) = y**2 + 2*y + 30. Calculate i(-4).
38
Let a(s) = -2*s**3 + 22*s**2 - 22*s + 126. Give a(11).
-116
Let s(h) = h**3 - 18*h**2 - 7*h - 10. What is s(19)?
218
Let d(t) = -943*t - 941. Determine d(-1).
2
Let i(x) = -x**2 - 141*x - 1302. What is i(-131)?
8
Let k(h) = 16*h**2 - 119*h + 99. Determine k(7).
50
Let w(h) = -667*h - 19316. Give w(-29).
27
Let m(r) = -r**3 - 100*r**2 - 383*r + 73. Give m(-96).
-23
Let g(k) = 4*k**3 + 23*k**2 + 686*k + 4155. Calculate g(-6).
3
Let c(t) = -297*t + 904. What is c(3)?
13
Let r(l) = -6*l**2 - 13*l + 2. Determine r(-2).
4
Let h(f) = -24*f**2 - 48*f - 36. Calculate h(-1).
-12
Let u(r) = -r**3 - 27*r**2 - 27*r - 16. Calculate u(-26).
10
Let s(u) = 41*u + 25. Determine s(3).
148
Let y(j) = -5*j**2 - 89*j + 34. Give y(-18).
16
Let f(m) = m**3 - 13*m**2 - 21*m + 19. Calculate f(-3).
-62
Let s(q) = -5*q**2 + 14*q + 12. Give s(-1).
-7
Let o(f) = 1827*f + 9132. Calculate o(-5).
-3
Let s(l) = -587*l + 524. Determine s(1).
-63
Let j(n) = n**3 - 31*n**2 - 35*n + 1077. What is j(31)?
-8
Let y(k) = 188*k - 974. Calculate y(5).
-34
Let f(k) = 30*k - 721. Calculate f(25).
29
Let f(x) = -x**2 + 159*x - 6104. Give f(65).
6
Let d(t) = -6*t**2 + 19*t - 17. Determine d(6).
-119
Let k(h) = h**2 - 4037*h - 36404. What is k(-9)?
10
Let x(a) = 2*a**2 - 55*a - 12. Determine x(29).
75
Let m(g) = g**3 - 15*g**2 + 25*g + 41. What is m(14)?
195
Let j(f) = 449*f + 48939. Give j(-109).
-2
Let u(l) = 3368*l + 16837. Determine u(-5).
-3
Let n(b) = b**2 + 144*b + 1580. Calculate n(-132).
-4
Let p(i) = 18*i**2 - 298*i + 1745. Give p(6).
605
Let r(u) = 4*u**3 + 9*u**2 - 13*u - 25. Give r(-2).
5
Let j(v) = -v**3 + 5*v**2 + 453*v - 2261. Give j(5).
4
Let x(r) = 2*r**2 - 483*r + 4329. Determine x(9).
144
Let t(o) = 11*o - 78. Give t(9).
21
Let u(r) = -r**2 + 15*r + 341. Calculate u(-11).
55
Let l(v) = 34*v**2 + 30*v + 30. Determine l(-1).
34
Let x(b) = -b**3 - 4*b**2 + 9*b + 41. Calculate x(6).
-265
Let f(o) = -o**3 - 329*o**2 - 577*o + 25171. Determine f(-327).
-8
Let p(h) = 114*h - 6506. Calculate p(57).
-8
Let x(d) = d**3 - 22*d**2 - 12*d - 535. Determine x(24).
329
Let q(k) = -8*k**2 - 14*k - 3. Give q(10).
-943
Let z(t) = 6*t - 66. Give z(-24).
-210
Let n(b) = -3*b**2 + b + 7. Calculate n(-9).
-245
Let r(g) = -2*g**3 + 47*g**2 - 259*g + 33. Give r(15).
-27
Let l(m) = 153*m + 502. Give l(-3).
43
Let t(j) = -219*j - 1523. Calculate t(-7).
10
Let b(y) = 63*y**3 - 2*y**2 - y + 2. Determine b(-1).
-62
Let g(u) = -9*u**2 - 2352*u - 6974. Give g(-3).
1
Let p(c) = 7*c**2 + 1020*c - 297. Determine p(-146).
-5
Let a(p) = 2*p**3 - p**2 - 10*p + 59. Determine a(6).
395
Let h(s) = 106*s - 131. Give h(2).
81
Let b(t) = -4*t**2 - 12*t + 40. Give b(3).
-32
Let p(r) = -r**3 - 19*r**2 - 38*r + 18. What is p(-17)?
86
Let j(i) = -i**3 - 9*i**2 - 19*i + 7. Give j(-4).
3
Let y(k) = k**3 + 33*k**2 + 246*k - 44. Calculate y(-12).
28
Let b(m) = -2*m**3 - 18*m**2 - 36*m - 88. Give b(-7).
-32
Let r(c) = 1256*c**2 - 26376*c - 7. What is r(21)?
-7
Let w(i) = -4*i**2 - 4*i + 150. Determine w(0).
150
Let r(q) = q**2 - 13*q - 1147. Determine r(-28).
1
Let v(c) = -c**2 - 50*c - 321. Give v(-8).
15
Let c(p) = 8*p**2 - 142*p - 36. What is c(18)?
0
Let n(l) = -101*l - 5065. Give n(-48).
-217
Let c(p) = -22*p - 291. Calculate c(-11).
-49
Let k(r) = 15*r + 1362. Calculate k(-89).
27
Let s(a) = a**2 - a - 113. What is s(11)?
-3
Let h(a) = a**3 - 7*a**2 - 317*a + 1699. Give h(19).
8
Let g(k) = -55*k - 612. What is g(-11)?
-7
Let n(q) = q**2 + 49*q - 576. Give n(-65).
464
Let t(g) = -7*g**2 - 347*g - 1995. Calculate t(-6).
-165
Let q(v) = v**3 + 20*v**2 - 32*v - 640. Determine q(-20).
0
Let y(s) = -s**3 - 12*s**2 - 20*s + 2. Give y(-10).
2
Let m(w) = -w**2 - 6*w + 1. Determine m(20).
-519
Let d(t) = 3*t**2 - 13*t - 127. What is d(17)?
519
Let h(f) = -3*f**2 + 82*f - 496. Give h(8).
-32
Let q(y) = y**3 - 10*y**2 - 10*y + 209. Give q(9).
38
Let w(c) = 58*c**2 - 12*c + 7. Calculate w(2).
215
Let r(f) = f**3 + 12*f**2 - 4*f - 41. Give r(-12).
7
Let y(c) = 4*c**3 + 32*c**2 + 3*c - 10. Calculate y(-8).
-34
Let g(d) = d**3 + 24*d**2 + 30*d + 162. Give g(-23).
1
Let g(k) = k**3 - 56*k**2 - 116*k - 15. Give g(58).
-15
Let s(i) = -i**3 - 25*i**2 - 68*i + 34. Determine s(-22).
78
Let v(u) = -3*u**2 + 12*u + 167. Calculate v(10).
-13
Let n(j) = -2*j**3 + 7*j**2 + 45*j + 10. Determine n(7).
-18
Let l(z) = -2*z**3 + 275*z**2 + 142*z - 502. What is l(138)?
50
Let j(f) = f**3 + 50*f**2 + 49*f + 128.